hat is the units digit of u?
3
Let x(g) = 3*g**3 - 4*g**2 - 4. Let s be x(-3). Let i = 170 + s. What is the tens digit of i?
4
Let t be (-376)/10 - (-18)/(-45). Let n = 59 + t. What is the units digit of n?
1
Let d(v) = -v + 17. What is the tens digit of d(-5)?
2
Let c(g) be the first derivative of g**4/4 - g**3 + 3*g**2/2 - 1. Let t be c(2). Let b = 7 - t. What is the units digit of b?
5
Let c(k) = k. Let u(s) = -s**2 + 12*s + 4. Let r(z) = -4*c(z) + u(z). What is the tens digit of r(6)?
1
Suppose -3 - 1 = -q. Suppose o = 5*r + 9, 2*o = q*r + 6 + 6. Suppose 0 = 2*x - g - 8, o*x = -g + 4*g + 16. What is the units digit of x?
4
Let u = -532 + 784. What is the hundreds digit of u?
2
Let j be 6/(-9)*(-3)/2. Suppose -g + 5*o = 15 + j, -3*o = 3*g - 42. What is the units digit of g?
9
Let r = -123 - -180. What is the units digit of r?
7
Suppose -4*l + r + 254 = 0, l + 3*r - 54 = 16. Suppose 0 = -m - 3*m + l. What is the units digit of m?
6
What is the hundreds digit of 120 + (7/(-3) + 3)*-6?
1
Suppose -4*a - 187 = -5*u + 141, 3*a - 281 = -4*u. What is the tens digit of u?
6
Suppose -m = 2*m - 594. What is the hundreds digit of m?
1
Suppose -49 = -b - h - 8, h - 78 = -2*b. What is the tens digit of b?
3
Let o(d) = 19*d. Suppose p = 3*v - 8, 0 = 2*v - 0*v - 2*p - 4. Suppose 4*m + 1 = z, -4*z = v*m - 15 - 8. What is the units digit of o(m)?
9
Suppose -2*s + 4 = q, -2*q - 10 = 3*q. What is the units digit of s?
3
Let l(b) = 1 + 0*b**2 - 4*b**2 + 0. Let j be l(-1). Let c(v) = v**3 + 4*v**2. What is the units digit of c(j)?
9
Let u(i) = -i**3 - 3*i**2 + 8*i. Let h be u(-6). Suppose x - h = -4*x. What is the units digit of x?
2
Suppose -x - 3*t + 10 = 0, 3*x = 6*t - t + 2. What is the units digit of x?
4
Let i(a) = -a**2 + 4*a - 2. Let m be i(3). Suppose -m = -3*r + 2*r. What is the units digit of r?
1
Let f(m) = 3*m - 9. What is the units digit of f(6)?
9
Let k(d) = -d**3 - 3*d**2 - 9*d - 6. What is the units digit of k(-4)?
6
Let p(s) = s**3 + 21*s**2 + 14*s + 12. What is the hundreds digit of p(-20)?
1
Let c(i) = -i**2 + 9*i - 5. Let u be c(8). Suppose 0 = 5*f, -3*s + u + 3 = -3*f. What is the units digit of s?
2
Suppose -4*x = 1 + 3. Suppose -u = 4*u + 25. What is the units digit of (x/3)/(u/75)?
5
Let b = 1075 + -762. What is the hundreds digit of b?
3
Let q = -4 - -2. Let a = q - -3. What is the units digit of a?
1
Suppose -2*p - 328 = -6*p. Let v = -41 + p. What is the units digit of v?
1
Let d(t) be the first derivative of t**5/30 + t**4/6 + t**3/2 - t**2/2 - 1. Let z(r) be the second derivative of d(r). What is the units digit of z(-2)?
3
Let s(x) = x + 6. Let b be s(0). Suppose -2*d - 75 = -b*d + u, 90 = 5*d - 2*u. What is the units digit of d?
0
Let v(k) = 5*k**2 + 9*k - 5. What is the units digit of v(4)?
1
Suppose q - 2*c = -5*c + 151, -c = -2*q + 281. What is the tens digit of q?
4
Suppose 2*c = -2*c + 4. Let p be (-3*c)/(-3) - -1. Suppose 4*g + p*o - 26 = 0, -33 = -5*g - 0*g - 2*o. What is the units digit of g?
7
Let a = -1 - 2. Let x(y) = y - 1. Let b(i) = -4*i + 3. Let w(c) = b(c) + 2*x(c). What is the units digit of w(a)?
7
Let z(c) = -c - 6. Let k(f) = f + 4. Let x(u) = -8*k(u) - 5*z(u). What is the units digit of x(-3)?
7
Let b be ((-15)/(-3))/(1/2). Suppose 0 = -6*n + n + b. Suppose -4*c + 10 = 3*l - n*l, 2*l + 5*c - 20 = 0. What is the units digit of l?
0
Let w = 20 - -2. Suppose -2*g = -10 - w. What is the tens digit of g?
1
Let u be -2*21*3/(-6). Let a = u - 8. Let v = a + -6. What is the units digit of v?
7
Suppose i + 9 - 4 = 2*o, 5*i = -4*o + 3. Suppose -z + 2*g + 12 = 0, -o*g = g + 9. What is the units digit of z?
6
Let r(d) = -d**2 + 3*d + 40. What is the units digit of r(0)?
0
Let a = -5 + 14. What is the units digit of a?
9
Let v be 4/6 - (-168)/(-9). What is the units digit of 4/v + 74/9?
8
Suppose -200 - 36 = -4*n. What is the units digit of n?
9
Let w = -22 + 31. Let a(b) = -b + 10. What is the units digit of a(w)?
1
Suppose 0 = 2*o - 2 - 2. Let a = o - -1. What is the units digit of 13 + 1*(a - 4)?
2
Let y(o) = -5*o + 50. What is the tens digit of y(-8)?
9
Let f = 12 + -10. Let c(o) = 3*o + 4. Let i be c(4). Suppose -s = q - 0 - i, 0 = 2*s - f. What is the tens digit of q?
1
What is the units digit of ((-208)/6)/(6/(-9))?
2
Let z(a) = 261*a + 2. What is the units digit of z(1)?
3
Suppose 3*o - n = 5, -3*n = -2*o - 8*n + 9. Suppose -13 + o = -x. Suppose -x + 1 = -d. What is the tens digit of d?
1
Let f = -14 + 9. Let x = 2 - f. Let n(t) = 2*t - 10. What is the units digit of n(x)?
4
What is the tens digit of ((-91)/(-14))/(2/4)?
1
Let r(j) = 6*j - 3. What is the tens digit of r(6)?
3
Let a(n) be the second derivative of -n**4/12 - n**3/6 + 13*n**2/2 - n. What is the units digit of a(0)?
3
Let l(g) = -g**3 + 2*g**2 - 3*g + 335. What is the tens digit of l(0)?
3
Let h(l) = l**3 - 20*l**2 + 21*l + 17. What is the tens digit of h(19)?
5
Let m = -17 - -20. Suppose -285 = -5*p - 5*a, -4*p + 228 = -m*a + 4*a. What is the tens digit of p?
5
Suppose c + 5*f - 31 = -12, -6 = -3*f. What is the units digit of c?
9
Suppose 17 = -5*c - 8. Let f = 19 + c. What is the tens digit of f?
1
Suppose 7*w - 232 = 3*w. What is the tens digit of w?
5
Suppose -p = -0*p. Suppose p*j + j - 2 = 0. What is the units digit of (j - -2)/(4/14)?
4
Let v(w) = -3*w - 4. Let d be v(6). Let l = 33 + d. What is the tens digit of l?
1
Let z = 496 - 257. What is the hundreds digit of z?
2
What is the units digit of -27*-1*(-2)/(-3)?
8
Let i(s) = -s**2 - 20*s - 23. What is the units digit of i(-17)?
8
Let v(g) = g**3 + 3*g**2 - 5*g - 3. Let a be v(-4). Let m be 58 - (a + -1) - -2. Suppose -m = -0*k - 5*k. What is the units digit of k?
2
Let u = 2 + -5. Let r = 9 + u. Let c(n) = n**2 - 5*n + 5. What is the tens digit of c(r)?
1
Let i(q) = -q**3 - 16*q**2 - 29*q + 16. What is the units digit of i(-15)?
6
Let q = 959 + -680. What is the units digit of q?
9
Let s(x) = -x**3 + 16*x**2 - 11*x - 20. What is the tens digit of s(15)?
4
Let a(l) = -5*l - 3 + 9*l + 3*l**2 + 0*l**2 - l**3. Suppose 4*s = -3*v + 21, -v = -2*s + 5 - 2. What is the units digit of a(s)?
9
What is the units digit of (7/(21/(-24)))/(2/(-11))?
4
Let p(u) = 3*u - 2. Let n be p(4). Suppose -n = -5*h, -5*h - 3 + 17 = 2*t. Suppose -2*v - 8 = -t*z + 6*z, -3*v + 3 = 3*z. What is the units digit of v?
6
Let w(h) = -h**3 + 9*h**2 + 11. What is the tens digit of w(9)?
1
Let z(t) = -7*t**3 - 2*t**2 - 3*t. What is the units digit of z(-2)?
4
Let m(l) = 2*l - 6. Let s be m(7). What is the units digit of ((-12)/8)/((-6)/s)?
2
Suppose 20 = q - 5. Suppose -g + q = -u, 2*u = g + 2*g - 70. What is the tens digit of g?
2
Suppose -d + 3*f = -20, -2*f + 0*f = -4*d + 30. What is the units digit of (d/(-2))/(4/(-24))?
5
Suppose -x + y + y + 2 = 0, -3 = -3*x + 3*y. Suppose -5*g + 4 = -4*k - 3*g, 0 = -4*k + 4*g + 4. What is the units digit of -1 - (1 + x) - k?
1
Let x(d) = 6*d**3 - d**2 + d. Suppose 0 = 5*t - 4 - 1. What is the units digit of x(t)?
6
Let a(k) = -k**3 - 3*k**2 + 2*k - 4. Let j be a(-4). Let y be (3 - j) + (-10)/2. What is the tens digit of y/3 - -3 - -10?
1
Let v = 2 - 2. Let n(o) = o + v*o - 9 + o. What is the units digit of n(8)?
7
Suppose 0 = -5*p + 5, 2*q + 0*q - 25 = -5*p. Suppose 0*f + q = 2*f. Suppose -30 = -f*k + 2*k. What is the units digit of k?
0
What is the units digit of (-17)/(-3 + 2/1)?
7
Let x = 6 - 3. Let o(z) = -z**x + 0 - 2*z + 1 - 3*z**2 + 0*z**3. What is the units digit of o(-2)?
1
Let i(n) = n + 3. Let r be i(-7). Let b = 33 - 18. Let d = b - r. What is the units digit of d?
9
Suppose -2*q = 15*q - 272. What is the tens digit of q?
1
Let v be (4 - 4)/(0 - -1). Suppose v = w + 3*w. Suppose -3*c + 0*c + 3*r + 21 = w, c = 4*r + 19. What is the units digit of c?
3
Suppose 0*n + 6 = 3*n. Suppose -3*v - 26 = -n*j - v, -33 = -j - 3*v. What is the tens digit of j?
1
Suppose 0 = -4*i + 9*i - 20. Suppose 0 = 2*m - i*m + 12. What is the units digit of m?
6
Suppose -3*y + 2 = -3*a + a, 2*y + 2*a = 8. Let k = y - 17. What is the units digit of (6/(-9))/(2/k)?
5
Suppose 0 = 2*x - 5*r + 22, 14 = -4*x - 0*r - 5*r. Let s be (-18)/(-4)*(-12)/x. Suppose -4*k + s*k = 60. What is the units digit of k?
2
Let m(s) = -s**2 + 5*s + 5. Suppose 2*h = -2 + 10. What is the units digit of m(h)?
9
Let b(p) = -7*